nd 5859?
27
Calculate the highest common divisor of 1605576 and 133.
133
Calculate the greatest common factor of 1243935 and 63.
63
What is the greatest common factor of 23664 and 17255?
493
What is the greatest common factor of 51230 and 405?
5
Calculate the greatest common divisor of 97983 and 57.
57
What is the highest common factor of 30 and 627730?
10
What is the highest common factor of 281902 and 118?
118
Calculate the highest common factor of 229572 and 49.
7
What is the highest common factor of 946 and 602?
86
Calculate the highest common factor of 99 and 55693.
11
What is the greatest common factor of 91478 and 1696?
106
What is the highest common divisor of 314018 and 2391?
797
What is the highest common factor of 7070 and 16870?
70
Calculate the greatest common divisor of 2437 and 366.
1
What is the highest common divisor of 2715975 and 225?
225
Calculate the highest common divisor of 1078546 and 4018.
574
Calculate the highest common factor of 190716 and 1242.
138
What is the highest common factor of 39 and 631371?
39
What is the highest common divisor of 295 and 1235?
5
Calculate the highest common factor of 119 and 7191.
17
Calculate the greatest common factor of 1224 and 19512.
72
What is the greatest common factor of 1886364 and 488?
244
Calculate the highest common factor of 27 and 787185.
27
Calculate the greatest common divisor of 7308 and 3206.
14
Calculate the highest common factor of 11639 and 3277.
113
Calculate the greatest common divisor of 105372 and 24.
12
Calculate the highest common divisor of 46116 and 504.
252
Calculate the highest common factor of 209 and 155990.
19
What is the greatest common divisor of 488 and 1075064?
488
Calculate the highest common factor of 316617 and 21.
21
Calculate the highest common divisor of 6396 and 4238.
26
What is the greatest common divisor of 2528 and 62?
2
Calculate the highest common divisor of 315 and 14355.
45
What is the greatest common factor of 158 and 5760443?
79
Calculate the greatest common factor of 227339 and 94.
47
What is the highest common divisor of 184020 and 30?
30
Calculate the greatest common divisor of 6530686 and 479.
479
What is the highest common divisor of 990351 and 9?
9
What is the highest common factor of 6 and 232266?
6
Calculate the highest common factor of 8 and 8794.
2
What is the highest common factor of 174993 and 119?
7
Calculate the highest common factor of 156 and 241683.
39
What is the highest common factor of 816 and 5484?
12
What is the highest common divisor of 1696 and 11?
1
What is the greatest common factor of 88 and 1588312?
88
Calculate the greatest common factor of 597135 and 141.
141
What is the greatest common factor of 936 and 7362?
18
What is the greatest common divisor of 33 and 231649?
11
Calculate the greatest common factor of 3743 and 16154.
197
What is the highest common factor of 400 and 64720?
80
Calculate the highest common divisor of 59812 and 4864.
76
Calculate the greatest common factor of 1980 and 46260.
180
What is the greatest common divisor of 76 and 77188?
4
Calculate the highest common divisor of 323881 and 2119.
163
What is the greatest common divisor of 908 and 28375?
227
Calculate the highest common factor of 3523 and 91.
13
Calculate the highest common factor of 2761995 and 30.
15
Calculate the highest common factor of 19084 and 1404.
52
Calculate the greatest common factor of 1078 and 37664.
22
Calculate the highest common divisor of 1260 and 1960.
140
Calculate the highest common factor of 27830 and 190256.
506
What is the highest common factor of 10361377 and 13?
13
What is the highest common factor of 2812 and 58349?
703
What is the highest common factor of 2626 and 354106?
202
What is the greatest common divisor of 1944 and 7632?
72
What is the greatest common factor of 18 and 1241415?
9
Calculate the highest common divisor of 478664 and 8.
8
Calculate the greatest common divisor of 132 and 3805626.
66
Calculate the greatest common divisor of 570 and 480.
30
What is the greatest common factor of 1903 and 5363?
173
Calculate the highest common factor of 113897 and 742.
371
What is the highest common factor of 133074 and 126?
18
What is the greatest common divisor of 240 and 1160?
40
What is the highest common divisor of 212980 and 920?
460
What is the greatest common divisor of 324 and 58644?
324
What is the highest common divisor of 21045 and 460?
115
Calculate the highest common factor of 408 and 156723.
51
What is the highest common divisor of 3211 and 876941?
169
Calculate the greatest common divisor of 5280 and 10340.
220
Calculate the highest common factor of 360517 and 1396.
349
What is the highest common factor of 4450 and 275?
25
What is the highest common factor of 704 and 23518?
22
Calculate the highest common factor of 86718 and 104178.
582
Calculate the greatest common factor of 14599 and 13.
13
Calculate the greatest common divisor of 158933 and 323.
17
Calculate the highest common divisor of 897886 and 44.
22
What is the highest common factor of 1968 and 21156?
492
What is the greatest common divisor of 1744 and 93086?
218
What is the greatest common factor of 408 and 312?
24
Calculate the highest common factor of 15317092 and 1933.
1933
Calculate the highest common factor of 8743923 and 3294.
1647
Calculate the greatest common divisor of 557937 and 141.
141
Calculate the greatest common factor of 56 and 1314208.
56
What is the greatest common divisor of 1540 and 14861?
77
Calculate the highest common factor of 79850 and 100.
50
Calculate the greatest common divisor of 24 and 1098132.
12
What is the highest common divisor of 35 and 2401?
7
What is the greatest common divisor of 169 and 79?
1
What is the highest common divisor of 34566 and 1344?
42
What is the greatest common divisor of 176 and 14058?
22
Calculate the greatest common factor of 110484 and 341.
341
What is the highest common divisor of 76 and 9386?
38
Calculate the highest common factor of 87 and 1343541.
87
What is the greatest common divisor of 155 and 40331?
31
Calculate the greatest common divisor of 1212548 and 232.
116
Calculate the greatest common divisor of 259030 and 10.
10
Calculate the highest common divisor of 363 and 484.
121
Calculate the highest common divisor of 53928 and 210.
42
Calculate the highest common factor of 4 and 24842.
2
What is the greatest common factor of 289 and 393329?
289
What is the highest common divisor of 10720 and 8080?
80
Calculate the greatest common divisor of 70 and 50000.
10
What is the highest common factor of 2189 and 8159?
199
What is the highest common divisor of 2730512 and 47?
47
What is the highest common factor of 156 and 5643456?
156
Calculate the highest common divisor of 3412186 and 1094.
1094
What is the highest common divisor of 255204 and 986?
34
Calculate the greatest common divisor of 5820 and 5238.
582
What is the greatest common divisor of 518706 and 9?
9
Calculate the highest common factor of 20 and 116470.
10
What is the highest common factor of 32 and 35368?
8
What is the greatest common divisor of 5353 and 1643?
53
Calculate the greatest common divisor of 407 and 451.
11
What is the greatest common divisor of 432 and 38628?
36
What is the highest common divisor of 47552 and 256?
64
What is the greatest common factor of 3706 and 30084?
218
What is the greatest common factor of 96 and 387564?
12
What is the highest common divisor of 352 and 585440?
32
Calculate the highest common factor of 6 and 157836.
6
Calculate the greatest common factor of 38621 and 3619.
11
Calculate the highest common divisor of 44288 and 8131.
173
What is the greatest common factor of 1 and 92?
1
What is the highest common divisor of 101 and 1249168?
101
Calculate the greatest common divisor of 499310 and 30.
10
Calculate the greatest common divisor of 1 and 3943.
1
Calculate the greatest common divisor of 231134 and 12762.
1418
Calculate the greatest common divisor of 15337 and 3756.
313
Calculate the highest common factor of 30 and 1054240.
10
Calculate the highest common factor of 475 and 13475.
25
Calculate the highest common divisor of 45440 and 1856.
64
What is the highest common divisor of 27 and 80811?
27
What is the greatest common factor of 1046278 and 298?
298
What is the